ne y(18).
-44
Let r(q) = -q**3 - 281*q**2 - 1118*q - 2774. Calculate r(-277).
-4
Let p(v) = -16*v**2 + 289*v - 268. Calculate p(1).
5
Let v(h) = 43*h**2 - 6108*h + 831. Give v(142).
547
Let p(k) = -37*k**2 - 54*k - 107. Determine p(-2).
-147
Let u(p) = 33103*p - 132411. Calculate u(4).
1
Let s(o) = 13*o**2 + 49*o + 23. Determine s(-6).
197
Let q(v) = v**3 - 58*v**2 - 1058*v + 29279. What is q(-26)?
3
Let z(q) = -q**2 - 288*q - 14528. Give z(-65).
-33
Let w(m) = -154*m - 2704. Determine w(-12).
-856
Let r(f) = 1035677*f - 24856276. Determine r(24).
-28
Let v(z) = -20*z**2 - 3675*z + 955. Give v(-184).
35
Let q(i) = -9*i**3 - 28*i**2 + 137*i - 36. Calculate q(5).
-1176
Let w(s) = 4*s**3 - 194*s**2 + 792*s + 140. What is w(44)?
140
Let d(p) = p**2 + 2659*p - 66262. What is d(25)?
838
Let j(c) = 1587*c - 14275. Determine j(9).
8
Let m(l) = -l**3 + 32*l**2 + 1259*l + 5121. What is m(56)?
361
Let o(x) = 7*x**3 + 1844*x**2 - 16317*x + 761. Determine o(-272).
-55
Let s(h) = -h**3 - 6*h**2 + 15012*h + 30045. Give s(-2).
5
Let s(a) = a**3 - 427*a**2 - 854*a - 1780. Calculate s(429).
-64
Let l(m) = -725*m**2 + 5765*m + 280. What is l(8)?
0
Let i(b) = -2*b**3 - 535*b**2 - 693*b + 27950. Calculate i(-266).
20
Let g(n) = n**3 + 29*n**2 + 112*n + 2. What is g(-22)?
926
Let t(b) = -b**2 - 123744*b + 4579891. Give t(37).
-6
Let w(n) = -2*n**3 + 66*n**2 - 197*n + 4228. Determine w(32).
-28
Let m(j) = -j**2 + 88*j + 18088. Give m(-102).
-1292
Let c(p) = 59*p**3 - 6*p**2 - 22*p - 28. Give c(-2).
-480
Let g(x) = -14*x**3 - 7307*x**2 + 529*x + 3568. Determine g(-522).
-86
Let b(u) = u**3 - 81*u**2 - 519*u + 15225. What is b(85)?
10
Let i(k) = 6*k**3 + 277*k**2 + 314*k - 14. What is i(-45)?
31
Let d(h) = -657355*h - 4601482. Give d(-7).
3
Let r(y) = -7*y**2 + 2088*y + 8522. Give r(-4).
58
Let s(z) = -40*z**2 + 1779*z - 835. What is s(44)?
1
Let u(d) = -445*d + 1670. Calculate u(4).
-110
Let v(p) = -2037*p + 169085. Calculate v(83).
14
Let z(f) = 1310*f - 7607. Calculate z(6).
253
Let f(l) = l**3 - 21*l**2 - 614*l + 2588. Give f(36).
-76
Let d(c) = c**3 - 36*c**2 + 231*c - 6660. Give d(35).
200
Let i(y) = 31302*y + 31296. What is i(-1)?
-6
Let a(m) = -15*m**2 + 10*m + 257. Determine a(-7).
-548
Let j(v) = -26*v**2 - 24*v + 294. What is j(3)?
-12
Let k(y) = 9*y**2 + 384*y - 5165. Give k(11).
148
Let a(n) = 2*n**3 + 6*n**2 + 3*n - 296. Give a(6).
370
Let n(y) = 338*y - 528. What is n(-8)?
-3232
Let p(g) = g**2 - 60*g - 1062. Give p(-21).
639
Let p(f) = -f**3 - 4328*f - 26200. Calculate p(-6).
-16
Let t(n) = 137522*n - 275357. What is t(2)?
-313
Let f(g) = -8*g**2 + 1285*g + 6128. What is f(166)?
-1010
Let v(o) = -2180*o - 148238. Determine v(-68).
2
Let y(d) = -2*d**2 + 6375*d + 264690. Calculate y(-41).
-47
Let o(y) = -648*y**2 - 1586*y - 3179. Determine o(-2).
-2599
Let r(m) = 6905*m + 7871686. Give r(-1140).
-14
Let w(x) = x**3 - 70*x**2 + 1075*x + 1501. Give w(46).
167
Let i(k) = 987*k - 695822. Determine i(705).
13
Let x(u) = -4287*u - 1954877. Calculate x(-456).
-5
Let t(y) = -6*y**3 - 305*y**2 + 69*y + 945. What is t(-51)?
27
Let a(x) = -39*x**2 + 334*x - 2879. Calculate a(9).
-3032
Let k(i) = -8917*i - 9639271. Calculate k(-1081).
6
Let u(s) = s**3 - 53*s**2 - 3008*s + 4336. Give u(87).
-14
Let b(y) = -y**3 - 10*y**2 - 44*y - 127. Give b(-6).
-7
Let t(r) = -227*r - 8152. Give t(-36).
20
Let z(b) = 374*b**2 - 434*b + 7. Give z(4).
4255
Let z(j) = 8*j**2 - 1182*j + 5714. Give z(5).
4
Let w(b) = 31*b**3 - 5*b**2 - 19*b - 16. Calculate w(-1).
-33
Let d(t) = 101194*t - 607192. Give d(6).
-28
Let o(g) = -926*g**2 + 8330*g + 4. Determine o(9).
-32
Let g(z) = -3*z**3 + 171*z**2 - 86*z + 4283. What is g(57)?
-619
Let o(y) = 2*y**2 + 462*y + 10329. What is o(-25)?
29
Let t(g) = -493*g**2 + 4119*g + 88. What is t(8)?
1488
Let f(j) = -35895*j - 287179. What is f(-8)?
-19
Let o(p) = 981*p + 434668. What is o(-443)?
85
Let b(h) = -2*h**3 + 1190*h**2 - 2091*h - 166613. Determine b(593).
20
Let u(i) = 2*i**2 - 14*i + 88. Give u(20).
608
Let n(b) = -b**3 + 704*b**2 - 688*b - 10540. Determine n(703).
5
Let h(f) = -28567*f - 228471. What is h(-8)?
65
Let z(i) = -93184*i + 1304554. Give z(14).
-22
Let t(j) = -j**3 + 34*j**2 - 266*j - 168. Calculate t(20).
112
Let h(l) = 2*l**2 + 215*l - 11298. Determine h(-145).
-423
Let s(j) = 1017*j - 254245. Determine s(250).
5
Let z(p) = -2*p**2 - 145*p - 715. What is z(-77)?
-1408
Let r(j) = j**2 + 135*j + 4440. Calculate r(-74).
-74
Let q(k) = -48*k**2 - 62*k + 4. What is q(-3)?
-242
Let h(w) = 34*w**3 + 348*w**2 + 79*w + 50. Give h(-10).
60
Let i(o) = -366*o**2 - 49082*o + 49083. What is i(1)?
-365
Let q(c) = -359*c - 5440. Calculate q(-15).
-55
Let g(d) = 3*d**2 - 216*d + 2881. Give g(47).
-644
Let q(x) = x**3 - 294*x**2 + 20383*x + 154. Calculate q(182).
-28
Let a(o) = 26675*o - 186329. Give a(7).
396
Let n(t) = 3*t**2 - 414*t + 8472. Determine n(113).
-3
Let x(i) = -236*i**2 - 36131*i - 36130. Calculate x(-1).
-235
Let f(u) = -2*u**3 - 37*u**2 + 153*u + 1038. Give f(-21).
30
Let z(u) = -3103*u + 65228. Determine z(21).
65
Let n(i) = -10*i**3 + 2*i**2 - 31132*i - 62280. Determine n(-2).
72
Let j(y) = 6797*y - 2902309. Calculate j(427).
10
Let j(n) = 5760*n + 51711. What is j(-9)?
-129
Let p(i) = 22*i**3 - 9*i**2 - 201*i - 559. What is p(-3)?
-631
Let x(c) = -1882*c**3 - 15061*c**2 + 36*c + 19. What is x(-8)?
-589
Let z(f) = -1010*f + 78293. Give z(78).
-487
Let n(y) = -116568*y + 3030772. What is n(26)?
4
Let r(n) = 3*n**3 + 40*n**2 - 157*n - 1771. Calculate r(-14).
35
Let o(a) = a**2 - 18509*a - 277875. What is o(-15)?
-15
Let a(q) = 3153*q - 583242. What is a(185)?
63
Let j(o) = -3663*o - 23806. Give j(-7).
1835
Let v(a) = a**2 - 3113*a - 37497. What is v(-12)?
3
Let g(v) = 10062*v - 8733805. Determine g(868).
11
Let k(o) = -1639*o + 63930. Determine k(39).
9
Let h(u) = 9*u**3 + 177*u**2 - 515*u - 15679. Calculate h(-17).
12
Let r(c) = 15*c**3 - 223*c**2 - 264*c - 16. Determine r(16).
112
Let i(q) = 369161*q + 29532870. Calculate i(-80).
-10
Let v(n) = -1445869*n + 26025646. What is v(18)?
4
Let i(b) = b**3 - 123*b**2 + 1521*b + 59. Calculate i(14).
-11
Let c(w) = 188*w + 12127. Give c(-63).
283
Let h(a) = -a**2 - 172*a - 2173. Give h(-15).
182
Let t(w) = -w**3 - 2*w**2 + 413*w + 284. Determine t(-21).
-10
Let r(a) = 10*a**2 + 1165*a - 2967. Determine r(-119).
8
Let v(z) = z**3 + 88*z**2 + 138*z + 4506. Calculate v(-87).
69
Let p(o) = o**3 + 102*o**2 + 911*o - 827. What is p(-92)?
1
Let l(p) = 160358*p - 1603698. Give l(10).
-118
Let v(w) = -1965*w - 7556. What is v(-4)?
304
Let q(z) = 7*z**2 - 554*z + 10886. Calculate q(43).
7
Let h(f) = -422*f - 73071. Give h(-173).
-65
Let h(a) = 246*a**2 + 102105*a + 6222. Give h(-415).
-3
Let f(b) = -36674*b + 256727. Give f(7).
9
Let m(x) = x**3 - 17*x**2 - 30*x - 19. What is m(21)?
1115
Let d(a) = a**3 - 404*a**2 - 680*a - 53616. Give d(406).
-24
Let z(b) = 24*b**2 - 1751*b + 31976. Determine z(35).
91
Let o(n) = 1065*n + 214049. Give o(-201).
-16
Let x(r) = -4309*r - 30231. What is x(-7)?
-68
Let s(j) = 6*j**2 - 44*j - 1101. Give s(-10).
-61
Let f(c) = -2*c**2 + 451*c + 352589. What is f(-322)?
-1
Let g(a) = -665828*a + 1331648. Calculate g(2).
-8
Let j(v) = 1608*v - 556211. What is j(346)?
157
Let o(f) = 955*f + 3504. Calculate o(-3).
639
Let f(h) = -h**2 - 62*h + 53. Determine f(-69).
-430
Let j(l) = 234*l + 13808. Calculate j(-59).
2
Let n(u) = -463*u**2 - 411*u - 3. Determine n(-2).
-1033
Let h(x) = 133*x + 7804. Calculate h(-58).
90
Let y(j) = -1666*j + 256590. Calculate y(154).
26
Let n(p) = -176*p**2 - 28517*p - 838. Give n(-162).
-28
Let m(p) = 143*p - 355. Calculate m(3).
74
Let f(r) = r**3 - 11*r**2 - 43234*r + 389265. What is f(9)?
-3
Let j(z) = -342*z + 5427. Determine j(16).
-45
Let s(h) = 11*h**3 - 109*h**2 + 278*h - 38. Give s(4).
34
Let g(c) = 4337*c + 177814. What is g(-41)?
-3
Let w(l) = -58195*l - 756545. Determine w(-13).
-10
Let s(y) = 719*y**2 + 3589*y - 45. What is s(-5)?
-15
Let r(s) = 15647*s - 172127. Calculate r(11).
-10
Let l(p) = -143*p**3 - 505*p + 505. Calculate l(1).
-143
Let y(h) = 2*h**2 - 1061*h + 5243. Determine y(5).
-12
Let h(l) = 86533*l + 519151. Give h(-6).
-47
Let r(z) = -832503*z + 832518. Determine r(1).
15
Let r(c) = -3*c**3 - 70*c**2 - 957*c - 1